= 6*g - 257. What is the remainder when g is divided by 45?
44
Suppose 56 = 4*b - 0*b. Suppose x - b = -g, x + 4 = -1. What is the remainder when g is divided by 5?
4
Suppose -i = a - 16, i - 2*i = -2*a + 41. What is the remainder when 55 is divided by a?
17
Suppose 2*v - 27 = 3*n, -5*v + 61 = -0*v - n. Let h(l) = 34*l**2 + 1. What is the remainder when h(-1) is divided by v?
11
Let l(w) = 3*w + 29. Let y(g) = g + 7. Let t(d) = 2*l(d) - 9*y(d). Calculate the remainder when t(-15) is divided by 14.
12
Suppose -3*z + j = -7*z - 32, -3*j = 3*z + 15. Let y(l) = -10*l + 5*l**3 - l**3 - 3*l**3 + 8*l**2. Calculate the remainder when 25 is divided by y(z).
7
Suppose -5*f - 11 = -4*x, -3*x - 4*f = x - 56. What is the remainder when 53 is divided by x?
8
Let o = 77 + -25. What is the remainder when o is divided by 11?
8
Let n = 39 + 18. Calculate the remainder when n is divided by 10*(-2 + 28/8).
12
Let c = 54 - 52. Let x(k) = -k**3 + 6*k**2 - 4*k - 1. Let t be x(5). Let n = 7 - t. What is the remainder when n is divided by c?
1
Suppose 0 = -0*g - 2*g - 6. Let w = 0 - g. Suppose -50 = -w*x - 2*x. What is the remainder when x is divided by 4?
2
Let i be -3*(0 - 4/3). Suppose -d + 5*v = v + 6, 0 = v - i. Calculate the remainder when 38 is divided by d.
8
Let w = -2 + 15. Let t = w - 6. Calculate the remainder when 26 is divided by t.
5
Let m = -30 + 57. Calculate the remainder when m is divided by 10.
7
Suppose 0 = -2*h + 4*h - 8. Suppose -i = 1, 5*z - 21 - 2 = 3*i. Suppose -18 = -p - 3*f, -z*p + f = -7*p + 14. Calculate the remainder when h is divided by p.
1
Suppose 0 = 2*r - 37 - 49. What is the remainder when r is divided by 23?
20
Let o(g) = -g**3 + 6*g**2 + 2*g + 3. What is the remainder when o(5) is divided by 13?
12
Let r(p) = 3*p**2 + 11*p - 7. Calculate the remainder when 22 is divided by r(-5).
9
Let o = -16 + 18. Suppose -o*s + 49 = -7. Calculate the remainder when 53 is divided by s.
25
Suppose 18 = 7*y + 2*y. What is the remainder when 7 is divided by y?
1
Suppose -f = 1 - 52. What is the remainder when f is divided by 18?
15
Suppose 0 = -i - p + 16, -5*i + p = -3*p - 62. Calculate the remainder when 20 is divided by (-4)/i - 158/(-14).
9
Let q = 10 - 7. Suppose -q*k = -0*k - 39. Calculate the remainder when 23 is divided by k.
10
Let p be (-43)/9 - (-2)/(-9). Let s = -3 - p. What is the remainder when 3 is divided by s?
1
Suppose 0 = 3*f + 12, 0 = -3*d + 2*f - f - 17. Let b(v) = v**3 + 6*v**2 - 5*v + 6. Let s be b(d). Let g = s + 13. What is the remainder when g is divided by 3?
2
Suppose -3*l + 3*z = -24, 0*z = -2*z - 6. What is the remainder when 21 is divided by l?
1
Let g(x) = 2*x**3 - 6*x**2 - 4*x - 2. Suppose -2*b - 50 = -2*a, 9*b - 33 = -a + 6*b. What is the remainder when g(5) is divided by a?
24
Let m(z) = -z - 7. Let p be m(-9). Suppose -2*s + n = -94, 4*s - p*n - 190 = -n. Let o(q) = 3*q**3 - 5*q + 3. Calculate the remainder when s is divided by o(2).
14
Let q = 206 + -196. Suppose 0 = -p + 3*p - 4. What is the remainder when (-1 - -59)*1/p is divided by q?
9
Let g = -145 + 202. Calculate the remainder when g is divided by 15.
12
Suppose c = 2, -3*w + c + 9 = 4*c. Let m = -21 + 56. Calculate the remainder when m is divided by (-17 + (0 - w))*-1.
17
Suppose 0 = 23*u - 18*u - 170. Calculate the remainder when 65 is divided by u.
31
Suppose 4 + 1 = -l - 5*m, 0 = 3*m + 6. Let b = -3 - -9. Suppose -6 = -4*k + b. What is the remainder when l is divided by k?
2
Calculate the remainder when 63 is divided by ((-4)/(-6))/(6*2/234).
11
Let b(d) = 13*d**2 + 2. What is the remainder when b(2) is divided by 4*10/4 + 4?
12
Let h(r) = -2*r. Calculate the remainder when 21 is divided by h(-4).
5
Suppose -2*c + c + 3 = 0. Suppose 0*z = z - 2. Calculate the remainder when 18/z + -1 + -1 is divided by c.
1
Let b(i) = -10*i - 55. What is the remainder when b(-11) is divided by 19?
17
Suppose -o = -2*o + 9. Calculate the remainder when 15 is divided by o.
6
Let v(s) = s**2 + 12*s + 4. What is the remainder when v(-14) is divided by 17?
15
Let p = 104 - 87. What is the remainder when p is divided by 4?
1
Let m(c) = 4*c - 14. Calculate the remainder when m(5) is divided by 3.
0
Let g(f) = 2*f**2 + f + 8. Calculate the remainder when g(4) is divided by 9.
8
Suppose -30 = -4*u + u. Let j = -38 - -42. What is the remainder when u is divided by j?
2
Let b(r) = r**2 + 6*r - 5. Let t be b(-8). Let j = t - -29. Let w = -9 + j. Calculate the remainder when w is divided by 16.
15
Let b(z) = 18*z - 1. Let s = 72 - 39. What is the remainder when s is divided by b(1)?
16
Let h be 64/24*9/2. Let i = h + -6. What is the remainder when i is divided by 4?
2
Suppose 22 = 2*s + 5*d, s - 5 = d + 6. Suppose 3*m = 5*y + 13, 10 = 2*m - 4*y + 2. Calculate the remainder when s is divided by m.
5
Let t(b) = b**2 - 3*b + 1. Let y be t(4). Calculate the remainder when y/(-15) + 165/9 is divided by 10.
8
Let r = 52 - 19. Let k = r + -22. What is the remainder when 20 is divided by k?
9
Suppose 5*f = -x - 12, 0 = -3*x + x - 3*f - 3. What is the remainder when 30 is divided by 245/15 - 1/x?
14
What is the remainder when 51 is divided by (18/(-5))/(13/(-65))?
15
Let q(i) be the third derivative of -i**5/60 - i**4/4 + 5*i**3/6 - i**2. Let x be 0/(4 + -7) + -6. Calculate the remainder when 13 is divided by q(x).
3
What is the remainder when 15 is divided by 2 - (0/(-1) - 2)?
3
Let a = 43 - 35. What is the remainder when 11 is divided by a?
3
Suppose -2*o + 18 = -36. Suppose 2 = -5*t + 2*t + w, -2*t + 3*w = 6. Suppose -n + o = -t*n. Calculate the remainder when n is divided by 14.
13
Let l(c) = c**2 - 1. Let r be l(0). What is the remainder when 11 is divided by (-3 - r - -13) + -4?
4
Calculate the remainder when (-4)/(-22) + 4120/88 is divided by 17.
13
Let p be (-7 + -1 - 0) + -2. Let z = p - -19. What is the remainder when 44 + z/6*2 is divided by 16?
15
Suppose -327 = -23*j + 20*j. What is the remainder when j is divided by 23?
17
Let g = 3 + -1. Calculate the remainder when 20 is divided by (-3 - (g + -4))*-11.
9
Let a(g) = -7 - 2*g - 15*g**3 + 6 - 15*g**3 - g**2. Let p = -3 - -2. Calculate the remainder when a(p) is divided by 16.
14
Let h = -47 + 76. What is the remainder when h is divided by 10?
9
Suppose 0 = 6*l - 50 - 88. What is the remainder when 43 is divided by l?
20
Let x = -74 + 81. What is the remainder when 14 is divided by x?
0
Suppose -4*q + 6*q = -8, 4*q + 40 = 4*f. Suppose 3*z - x - x - 41 = 0, -x - 26 = -2*z. What is the remainder when z is divided by f?
5
What is the remainder when ((-15)/(-4))/((-2)/(-8)) is divided by (-3 - (-28)/8)*16?
7
Suppose -3*q = -3*a - 720 + 3, -4*q + 944 = 2*a. Suppose 271 = 5*b + 4*k, 4*b - 4*k = -49 + q. What is the remainder when b is divided by 13?
12
Suppose 7*s - 62 - 50 = 0. Calculate the remainder when s is divided by 3.
1
Suppose -13 - 3 = -4*k. Calculate the remainder when 18 is divided by k.
2
Let c(b) = b**3 - 2*b**2 - 3*b + 3. Suppose 81*a - 65*a - 1440 = 0. What is the remainder when a is divided by c(4)?
21
Suppose 3*b - 151 = -2*h, 2*h - 5*b - 118 = 73. Calculate the remainder when h is divided by 21.
20
Let d be 8 + 3/((-6)/(-2)). Let s be (3/d + -1)*3. What is the remainder when s/(-1) - 0/(-3) is divided by 1?
0
Suppose -6 = -0*o - o. Let y = 22 - o. What is the remainder when y is divided by 9?
7
Let t(u) = -u - 1. Let l be t(-2). Suppose -6 = -z + l. What is the remainder when 20 is divided by z?
6
Suppose -7*m = -8*m - 6. Calculate the remainder when 19 is divided by ((-4)/m)/((-2)/(-30)).
9
Let z = 43 - 26. Let h = 2 + z. Calculate the remainder when 56 is divided by h.
18
Let o be (0 - -13) + 2 + -3. Calculate the remainder when (1*2)/(8/o) is divided by 2.
1
Suppose -4*f + f + 3*w + 168 = 0, -3*f = 4*w - 168. What is the remainder when f is divided by 12?
8
Suppose -17 = 5*z - 92. Calculate the remainder when 58 is divided by z.
13
Suppose l = -4*l + 420. Suppose l - 8 = 2*g. Calculate the remainder when g is divided by 10.
8
Let h(b) = 50*b**2 - 3*b. Let n be h(2). What is the remainder when n/22 - (-4)/22 is divided by 5?
4
Let l(v) = 2*v**2 + 7*v - 8. Let u be (-2)/7 + 329/(-49). Suppose -5*t + 7 = 4*q - 63, 0 = -5*t - 5*q + 70. Calculate the remainder when l(u) is divided by t.
13
Calculate the remaind